88 = o. Suppose 15*a - x = 4*a. Is a a composite number?
True
Let u(l) = -l**3 + l**2 + 2*l + 5. Let h(w) = -w**3 + w + 5. Let f(s) = 3*h(s) - 2*u(s). Is f(-6) a composite number?
True
Let r(k) = k - 18. Let u be r(15). Let p = 3 - u. Is p - 2 - -1*35 composite?
True
Suppose 5*h - 2468 = -603. Suppose l - h = 3*f - 5*f, -l + f + 382 = 0. Is l composite?
False
Is (15054/(-9) - -4)/(2/(-3)) a prime number?
True
Let g(t) = t - 3. Let y(c) = -3*c + 9. Let w(f) = 8*g(f) + 3*y(f). Let x be w(0). Suppose -2*o + 733 = 5*k - 0*k, -4*o = x*k - 1501. Is o a prime number?
True
Let o(n) = -319*n + 41. Is o(-3) prime?
False
Suppose -3*z = 2*z - 4*k - 35299, -3*k - 35303 = -5*z. Is z a composite number?
True
Let t(a) = -9*a**3 - 25*a**2 + 15*a - 62. Is t(-23) prime?
False
Let w be -3 - (597/(-2) + (-6)/(-12)). Suppose 4*v = -v + w. Is v prime?
True
Suppose d = -h + 59456, 6*h - 2*h - 5*d = 237833. Is h a composite number?
True
Let o(l) = -2*l**3 + 24*l**2 - 10*l - 73. Is o(-31) a composite number?
False
Let p = 585 + -881. Let v = p + 1263. Is v composite?
False
Let l(n) = n**2 - 11*n + 24. Let r be l(9). Let c(y) = 95*y + 61. Is c(r) a prime number?
True
Let m = 0 + 2. Suppose 0*a = -m*a + 92. Is a a prime number?
False
Let i(u) = -u + 13. Suppose -3*g - 31 = 2*p, p + 11 = -4*g + 3*g. Is i(g) composite?
True
Suppose 3*i = -3*i + 3894. Suppose 0 = -5*f + 4*f + 464. Let y = i - f. Is y composite?
True
Suppose 2*z - 4*t = -4, -4*z - 2*t + 5 = -27. Suppose z*a = 21*a - 26355. Is a a prime number?
False
Suppose -o - 5*b = -4*o + 424, -4*b = 3*o - 460. Let i = -130 - -133. Suppose -h = i*h - o. Is h a composite number?
False
Let w(g) = -g**3 + 42*g**2 - 83*g + 65. Is w(27) a prime number?
False
Is 7*(3 + 1977 + -1) a composite number?
True
Let d = 48 - 7. Let n = 200 - d. Is 2 - (-2)/(6/n) a prime number?
False
Let o(x) = -x + 1. Let q(u) = 48*u - 20. Let y(v) = -o(v) - q(v). Is y(-8) a prime number?
False
Let w be (2 + -6)*29/(-4). Suppose l - w = -16. Is l a prime number?
True
Let u = -59 - -59. Suppose u = -3*g + 5*x + 2921, -1534 + 551 = -g + 4*x. Is g composite?
False
Let y(u) = -2*u**3 + 10*u**2 + 2*u - 7. Let o be y(5). Let a(k) = 113*k**2 + k + 7. Is a(o) prime?
False
Let c = 134037 + -76881. Is (-4)/(-10) - c/(-60) composite?
False
Let x(l) = 78*l**2 + 13*l - 44. Is x(-9) a prime number?
False
Suppose -5*g + 10*g - 2*r = 12, 3*g = 4*r + 10. Suppose 5*d = -g*d + 3115. Is d a prime number?
False
Let d = -17 - -41. Suppose d*u = 19*u + 835. Suppose -4*c + 1421 = -u. Is c prime?
True
Let h = 1 - 6. Let b be (-8)/h + 4/10. Is 112 + (2 - 3 - b) prime?
True
Is ((-4666)/(-4))/((48/6)/16) composite?
False
Let w be (12/8)/(6/(-1128)). Let a = 131 - w. Is a a prime number?
False
Let j be -1 + 0 + 0 + 33 + 2. Suppose -d + 19 + j = 0. Is d composite?
False
Suppose -6*z = -2920 + 436. Let t = 899 - z. Is t a composite number?
True
Let a = 13947 - 5632. Is a a prime number?
False
Let r = 2835 - 1928. Is r a composite number?
False
Suppose -33*l = 229681 - 1745800. Is l a composite number?
False
Let g(n) = -n**3 + 4*n**2 + n + 2999. Is g(0) a composite number?
False
Let r(s) = -s**2 - 9*s + 13. Let k be r(-10). Suppose -18 + 3 = -k*m. Suppose -f = -m*f + 732. Is f a prime number?
False
Suppose -2*y + 15*r - 14*r = -5799, 2*r - 5784 = -2*y. Is y a composite number?
False
Suppose -16435 = -22*f + 4575. Is f a composite number?
True
Let c be (-100)/15*3/(-2). Let z = c + -7. Suppose -z*v - w + 111 = -v, w + 288 = 5*v. Is v composite?
True
Let b(m) = -3*m**3 + 3*m**2 + 11*m + 11. Let y be b(-8). Suppose 1282 = 3*r + 5*n, 3*n = 4*r - 2*n - y. Is r composite?
False
Let b be 190/14 + (-66)/(-154). Let k(m) = 39*m - 31. Is k(b) prime?
False
Let y = 5 - -24. Let x = y - 35. Is (2/8)/(x/(-41592)) prime?
True
Let j be (5 - 3 - 3) + 11. Let w = 19 + -2. Let f = w - j. Is f a composite number?
False
Suppose 7*c - 2*c = 10095. Is c composite?
True
Is (211*224 - -9) + (-14)/2 prime?
False
Let g(s) = s**3 - 9*s**2 - 3*s + 39. Let u be g(9). Suppose 5*f = 10, -3*k + 0*k - f + 398 = 0. Suppose 8*r - u*r + k = 0. Is r a prime number?
False
Suppose -3*d + r + 266886 = -2*d, 0 = 2*d + r - 533787. Is d a prime number?
True
Let j(x) = 2*x**2 + 17*x + 10. Let v(h) = h**2 + 4*h - 6. Let d be v(-5). Let i(c) = -13*c**2 - 2*c - 2. Let z be i(d). Is j(z) a prime number?
True
Let k(u) = -746*u**2 + 3*u + 1. Let m be (2/(-6))/((-3)/(-9)). Let r be k(m). Is (1 + r/3)*-3 a prime number?
False
Let h(g) = -3*g**3 + 3*g**2 - 10*g - 3. Let x be h(-12). Let s = -3553 + x. Let a = s + -1317. Is a prime?
True
Let p(n) = 51*n**3 + 3*n**2 - 1. Let c(d) = 1. Let z(w) = 4*c(w) - p(w). Is z(-2) composite?
False
Let y(x) = 32*x**3 - 2*x**2 + 2*x - 1. Let w be y(2). Suppose -6*p + w = -5*p. Suppose 3*l = p + 292. Is l a composite number?
False
Let v be 5144/14 + 15/(-35). Let i = v + 226. Is i composite?
False
Suppose 4*i = -563 + 71. Let t = i - -625. Is t composite?
True
Let u be (-22 + 4)/(6/(-6)). Is 18/(-81) + 8950/u prime?
False
Let g be -3 + (-3)/6*-2. Is 11 - 13 - 3626/g prime?
True
Let k(h) = -h + 4*h + 2 - h - 3*h - 3*h**2 - h**3. Let t be k(-2). Suppose t = 11*g - 9*g - 508. Is g a composite number?
True
Let t = 1915 + -554. Is t a composite number?
False
Let m = 196 - 505. Let k = 488 + m. Is k prime?
True
Let o(x) = -5*x**2 + 11*x + 13. Let p(v) = 6*v**2 - 10*v - 14. Let z(l) = -3*o(l) - 2*p(l). Is z(10) a composite number?
True
Let o(m) = -m**3 + 2*m**2 + m + 1. Let k(w) = w**3 - 2*w**2 - w. Let s(h) = 4*k(h) + 5*o(h). Is s(-2) composite?
False
Let b = 478 - 160. Suppose 0 = -4*s + s + b. Suppose 0 = -r + s - 3. Is r a composite number?
False
Suppose 176042 = 8*w - 70910. Is w a composite number?
False
Suppose 2*z = 3*h + 1, 2*h = -z - 2*h + 6. Suppose 6 + z = 4*g. Suppose g*s - 310 = 5*u, 2*s - 157 = s + 3*u. Is s composite?
True
Let o(d) = d**3 + 6*d**2 - 6*d + 5. Let z be o(6). Let u = z + 26. Is u prime?
False
Suppose -24171 = -5*k - 4*x, -4*k - 5*x + 19336 = -x. Suppose 0 = 16*t - 11*t - k. Is t composite?
False
Suppose 4*d = 6*d - h - 51, -123 = -5*d + h. Suppose -5*j - 5*m + 55 = 0, -13*j + 12*j - 5*m = 1. Let p = d - j. Is p a prime number?
False
Let r = 35691 + -18712. Is r prime?
True
Let l(m) = 0 + 31*m**2 + 5 - 31*m + 40*m. Let o(u) = -32*u**2 - 10*u - 4. Let k(a) = 3*l(a) + 2*o(a). Is k(-7) a composite number?
True
Let h(u) = -u**2 + u - 26. Let x be h(0). Let o = x - -79. Is o prime?
True
Let n(z) = -z**2 + 4*z - 1. Let c be n(3). Suppose 0*u + c = -2*u. Is u - (0 - -1 - 681) composite?
True
Suppose 3180 = 5*u + 2*o, -2*u - 1882 = -5*u + 4*o. Suppose 2*f - u = 5*s, -1007 + 94 = -3*f - 2*s. Is f a prime number?
True
Let u(n) = 22*n**2 + 3*n - 95. Is u(-26) prime?
True
Let h be (316/(-1))/(-4) - -3. Let v = h + -17. Is v composite?
True
Let c = -642 - -4080. Let s = -1712 + c. Is s a prime number?
False
Suppose -2*p + 4*d + 748 = 0, -5*d - 1508 = 14*p - 18*p. Is p composite?
True
Let w = -2366 + 6199. Is w composite?
False
Suppose 11*d = 126520 + 29383. Is d composite?
False
Let a(z) = 48*z + 1. Let o = 18 - 0. Let q be o/6 + -1 + -1. Is a(q) prime?
False
Suppose 4*z - 9 = -k + 3, -3*k - 4*z = -20. Suppose -4*h = -k*q, -4*h - 5 + 3 = -5*q. Is h + (-46)/(-1) + -2 a composite number?
True
Suppose -g = 1 - 6. Suppose -350 = g*a - 2755. Is a prime?
False
Let i be (0 + 0)/(1 - -2). Let s(j) = -j**3 + j + 1130. Let a be s(i). Suppose p + 4*p - a = 0. Is p prime?
False
Suppose 3*v + 29*m - 244517 = 34*m, v - 81499 = 5*m. Is v a prime number?
True
Suppose -3*p = -7 - 2. Suppose -p*y + 6*y - 2229 = 0. Is y prime?
True
Let s(l) = -l**3 - l**2 - l - 4. Let h be s(-2). Suppose 2228 = h*y + 2*y. Is y composite?
False
Let z(n) = 188*n**2 + 31*n - 17. Is z(12) a composite number?
False
Let g(h) = h**3 + 3*h**3 - 5*h**3 - 13*h + 5 + 13*h**2. Let s be g(10). Suppose -2*v - 636 = -4*f - 6*v, f - 3*v = s. Is f prime?
True
Suppose 6 - 87 = 3*n. Let l be (-15)/(-6)*-14*-2. Let u = l + n. Is u a prime number?
True
Suppose -520*b - 2082 = -526*b. Is b prime?
True
Suppose -4*r - 12 = -2*w, 4*r - 3*r = -w - 3. Suppose w = 4*l - 343 - 1765. Let m = l + -220. Is m a prime number?
True
Let b(m) = 3*m**2 + 2*m + 3. Let f be b(3). Suppose -f = 3*w + w. Is 1356/w*(-9)/6 a prime number?
False
Let a = -74 + 79. Let s